 + 5. Let p be f(6). Let i = 4 + -3. What is the greatest common factor of p and i?
1
Let t(h) be the third derivative of h**6/120 + h**5/12 + h**4/8 - 2*h**2. Let p be t(-3). Let n be 1*-2*p/(-6). Calculate the highest common factor of 3 and n.
3
Let h(v) = 2*v**2 + 3*v - 4. Let o be h(-3). Suppose -o*f - 17 - 88 = 0. Let l = -4 - f. Calculate the greatest common divisor of 51 and l.
17
Let z be (-284)/(-8) - 1/2. What is the greatest common divisor of 14 and z?
7
Let f = 3 + -3. Suppose 0 = -v - f*v + 45. Calculate the highest common divisor of 5 and v.
5
Let v = 231 - 222. Suppose 0 = 5*s - 4 - 1. What is the highest common factor of s and v?
1
Let x be 108/(-12)*(1 - 9). What is the greatest common divisor of 24 and x?
24
Suppose -3*t + n + 65 = -120, -n + 55 = t. What is the highest common divisor of t and 30?
30
Suppose -6*i = -i + 5. Let d = -55 - -126. Let x = d + i. Calculate the greatest common factor of 10 and x.
10
Let j(a) = -5*a + 0 + a**2 - 1 + 3*a. Let y be j(3). Suppose 0 = -4*n + 38 + y. What is the greatest common factor of n and 15?
5
Suppose 5*a = 4*u - 48, -5*u + a + 49 = 10. Let x be 4 - 6*1/(-2). What is the highest common factor of x and u?
7
Let p(i) = -i**3 + 7*i**2 - 16. Let s be p(5). Calculate the highest common divisor of 34 and s.
34
Let z be -1 - 6/(-2)*1. Suppose -3*d + 3*q + 348 = -d, -340 = -z*d - q. Let o = 29 - 10. What is the highest common divisor of d and o?
19
Let h(x) = -x + 60. Let r be 0/((-6)/9*-3). Let n be h(r). Suppose 0*z = -2*z + n. Calculate the greatest common divisor of 10 and z.
10
Let b be (12/(-8))/(3/(-32)). What is the highest common divisor of b and 80?
16
Suppose 4 = 2*m, 7*q = 3*q + 5*m + 6. Suppose h + v = 38, h - 5*v - 26 = -0*h. Calculate the highest common factor of h and q.
4
Suppose -7 - 1 = -2*t. Suppose 0 = -t*l + l + 6. Let k be 4 - (0 + (-2)/2). What is the greatest common divisor of k and l?
1
Let g be 602/56 - (-6)/(-8). Suppose 4*z - 2766 = -906. Suppose j + 5*b - 43 = 72, 5*j = -3*b + z. Calculate the greatest common factor of g and j.
10
Let s(x) = x + 3. Let n be s(5). Suppose -a - 3 = -n. What is the greatest common factor of 10 and a?
5
Suppose 2*d - 3*m - 145 = -4*m, -d + 73 = m. Calculate the highest common factor of 18 and d.
18
Let a = 65 + -10. Let w(p) = -3*p + 2. Let y be w(-6). Suppose 5*i - i = y. What is the highest common divisor of i and a?
5
Suppose j + j - 2*x - 20 = 0, -j + 2*x = -13. Let h = 19 - 8. Let f = -4 + h. Calculate the greatest common factor of f and j.
7
Suppose -7*a - 360 = -12*a. Let b = a + -50. Suppose -4*z + 3*l = l - b, -5*z + 28 = -2*l. What is the greatest common divisor of z and 66?
6
Suppose -4*v = -3*z - 226, 0 = 2*v - z + 6*z - 100. Calculate the greatest common divisor of v and 5.
5
Suppose -5*p - 19 = 101. Let n be 1*-1*(4 + p). What is the greatest common divisor of 30 and n?
10
Let s = 29 - 13. Suppose -5*x + x + s = 0. Calculate the greatest common factor of 6 and x.
2
Let v(d) = d**2 - 4*d + 65. Let h be v(0). Calculate the highest common divisor of 13 and h.
13
Let o be 1/(1/19) + 2. Suppose 4*h - 17 = v, -6*h + h = -5*v - 40. What is the highest common divisor of o and h?
3
Suppose -4*p - 11 = -3*h, -6*p + 3*p = 2*h + 4. Let g be 81/h - (-5 + 2). Calculate the greatest common divisor of g and 56.
28
Let i be (2/(-3))/((-4)/18). Let s(c) = 4 + c**2 - c**2 - 2*c**2 + c**i. Let a be s(3). Calculate the greatest common divisor of a and 52.
13
Suppose 0 = 4*n - 16, -134 = h - 2*n + 5*n. Let p = -94 - h. What is the greatest common divisor of 13 and p?
13
Suppose -71 = -5*p + 3*q, 77 = -0*p + 5*p - q. Let i be (-4)/(p/12) + 33. What is the highest common factor of i and 10?
10
Let a = -5 + 9. Let t = 25 + -21. Suppose 157 = t*y + 5*b, 0 = y + 8*b - a*b - 53. What is the highest common factor of y and 22?
11
Suppose 22*d = 18*d + 32. Suppose -2*z - 4 = 4*q - 16, -z + 12 = 5*q. Calculate the highest common divisor of z and d.
2
Let s(o) = -o**3 - 2*o**2 - 2*o - 4. Let p be s(-3). Let t = p + -9. Let m(j) = 4*j**2 - j. Let u be m(t). What is the greatest common divisor of 42 and u?
14
Let v be 140/6*6/5. Let k = 10 + -7. Suppose -4*q = 5*b - 228 - 126, -b - k*q + 73 = 0. What is the highest common divisor of b and v?
14
Let z = -25 - -49. Let v be 1914/165 + (-1 - 14/(-10)). What is the highest common factor of v and z?
12
Let w(y) = -y**3 + 2*y**2 + 4*y - 1. Let u be w(3). Suppose 14*r = 9*r + 5. Calculate the highest common divisor of u and r.
1
Let r(p) = 3*p - 28. Let q be r(13). Suppose -2*u + 7*u + 3*g - 504 = 0, -390 = -4*u + 2*g. What is the highest common divisor of q and u?
11
Suppose -120 = -5*h - 5*d + 2*d, -h - 4*d + 7 = 0. Let o(v) = -v**3 - 5*v**2 - 3*v + 3. Let u be o(-5). Calculate the greatest common divisor of u and h.
9
Let x(l) = l**2 + l + 4. Let k be x(0). Let g(c) = c**3 - 3*c**2 - 2*c + 5. Let v be g(4). Let y = -3 + v. What is the greatest common factor of k and y?
2
Let f(o) = 34*o - 2. Let z be f(2). Calculate the highest common divisor of z and 6.
6
Let m(y) = 694*y + 7 - 695*y + 7. Let t be 10*(-2)/(-16)*8. Let g be m(t). What is the greatest common divisor of 28 and g?
4
Let x(d) = d + 4. Let m be x(-2). Suppose -g = m*g + 9. Let s be (-1 + -2*1)*g. What is the greatest common divisor of s and 36?
9
Let k be 75/30*((-28)/(-5) - 0). Calculate the highest common divisor of 98 and k.
14
Let h(x) = x + 3. Let p be h(0). Suppose 2*r + p*r = 585. Calculate the greatest common factor of 13 and r.
13
Suppose -m = 3*m - 140. Suppose 16 = 2*f - 2*h, -f + 4*h + 15 = -2. Calculate the highest common factor of f and m.
5
Suppose 6*m + 28 = 7*m. Suppose -5*u - 4*t + 43 = 0, -5*u + 5*t + 4 + 21 = 0. Calculate the highest common divisor of m and u.
7
Let v(z) = z**2 - 2*z + 3. Let s(b) = -b**2 - 7*b - 7. Let j be s(-5). Suppose -j*h - 12 + 0 = 0. Let w be v(h). What is the highest common divisor of 9 and w?
9
Let d(g) = 2*g. Let w be d(1). Suppose 84 = w*o + 4*o. What is the greatest common factor of 126 and o?
14
Let a = 1 + -1. Suppose a = 4*x - 100 - 44. What is the highest common factor of x and 4?
4
Let x = -75 + 108. What is the highest common divisor of 22 and x?
11
Let i = 1 - -9. Suppose -i = -3*v + 2. Let j be (-24)/10*(-10)/v. Calculate the highest common factor of j and 12.
6
Let r be (2/3)/(15/540). What is the greatest common divisor of 84 and r?
12
Let h be 2 + (12/(-3) - -6). Let q be (3 - h)/(2/(-14)). Calculate the highest common divisor of 49 and q.
7
Suppose 0 = -2*s + 4*p + 110, 3*p = -3*s + 48 + 153. Calculate the highest common factor of 18 and s.
9
Suppose -m + 3*m + 86 = 2*w, -5*w - 3*m + 191 = 0. Calculate the highest common divisor of w and 10.
10
Let i be (-2)/3 + 53/3. Let z = i + -7. Suppose -4*l + 0*l = -5*b - 365, 0 = 5*l - 3*b - 453. What is the highest common divisor of z and l?
10
Let p be (33 + -29)/(4/74). Calculate the highest common factor of p and 111.
37
Let k(t) be the second derivative of 0 - 1/2*t**2 + t + 1/20*t**5 - 1/6*t**4 - 1/6*t**3. Let f be k(3). What is the greatest common divisor of 30 and f?
5
Let u = -127 - -211. Calculate the greatest common factor of u and 12.
12
Let u(v) = v**3 + 12*v**2 - 30*v - 3. Let j be u(-14). What is the greatest common divisor of j and 200?
25
Suppose o = 5*o - 128. Let g = o + -14. What is the highest common factor of 2 and g?
2
Suppose 4*i = -5*l - 12, 4*l = -5*i + 5*l + 14. Suppose i*g = 321 - 17. What is the highest common divisor of 19 and g?
19
Suppose -71 + 211 = 5*h. What is the greatest common factor of 224 and h?
28
Suppose 5*v + b = 15, -5*v + 2*b = -3*b + 15. Suppose -v*x + 5*x = 54. Calculate the highest common divisor of x and 6.
6
Suppose 0 = -0*p - 3*p - 2*f + 230, -4*f = 20. Calculate the greatest common factor of p and 20.
20
Let g be 44/(-2)*((-6)/12 + -4). What is the greatest common factor of 11 and g?
11
Suppose m + 2*m + 90 = 0. Let f be (22/(-3))/(4/m). Calculate the highest common divisor of 11 and f.
11
Suppose j + r = -1, -j + 3*r = -8 - 11. Suppose -j*x + 4*g = -48, x + g - 18 = -g. What is the highest common factor of 98 and x?
14
Suppose 4*y - 290 = 2*p - 0*p, y - 2*p - 80 = 0. What is the highest common factor of 14 and y?
14
Suppose 3*h = 7*h - 4. Let r be h + 10 + (0 - -1). Let y = 147 + -15. W